t a(c) = -19*c**3 - 34*c**2 + 2*c - 3. Give a(-2).
9
Let l(j) = -118*j - 369. Give l(8).
-1313
Let x(t) = 1037*t - 33182. Calculate x(32).
2
Let x(z) = -2717*z**2 + 24435*z - 44. Determine x(9).
-206
Let g(k) = -31430*k - 1414371. What is g(-45)?
-21
Let s(y) = 41072*y - 575041. Give s(14).
-33
Let i(c) = 1268*c - 1406207. Determine i(1109).
5
Let n(i) = -638*i - 40694. Calculate n(-64).
138
Let x(h) = -h**2 + 6459*h + 286124. Calculate x(-44).
-8
Let x(g) = -g**3 + 113*g**2 + 330*g + 104. Give x(116).
-1984
Let j(z) = -1435*z**2 + 4299*z + 7. What is j(3)?
-11
Let u(v) = 2*v**3 - 172*v**2 - 401*v + 34483. Determine u(86).
-3
Let d(k) = -4*k**3 - 24*k**2 - 167*k - 747. What is d(-5)?
-12
Let z(t) = -735*t**2 - 111718*t + 370. What is z(-152)?
66
Let c(n) = 211*n + 15009. Determine c(-70).
239
Let t(s) = 10*s**2 - 1754*s + 10812. Calculate t(169).
-4
Let f(g) = -763*g - 5275. Calculate f(-7).
66
Let q(p) = p**2 - 1005*p + 1053. Determine q(0).
1053
Let d(q) = -18*q**3 + 260*q**2 - 155*q + 586. What is d(14)?
-16
Let d(x) = 8141*x + 8138. Give d(-1).
-3
Let v(k) = 1213849*k + 8496943. Determine v(-7).
0
Let y(l) = l**3 - 122*l**2 + 3521*l - 28. Calculate y(49).
-2772
Let r(s) = 2*s**2 - 3661*s + 25546. Determine r(7).
17
Let l(b) = -4*b**2 + 180*b - 2177. Calculate l(18).
-233
Let w(v) = 9*v**3 + v**2 + 308*v + 310. Determine w(-1).
-6
Let o(t) = 4*t**3 - 53*t**2 + 239*t - 1564. Calculate o(11).
-24
Let v(m) = 20*m**2 + 139*m + 40. Calculate v(-7).
47
Let y(f) = -681*f + 2709. Calculate y(4).
-15
Let w(n) = -n**3 + n**2 + 254*n - 1583. What is w(-18)?
1
Let c(v) = 2277*v - 148322. What is c(65)?
-317
Let q(u) = -4*u**3 + 98*u**2 - 32*u + 162. What is q(24)?
546
Let a(t) = -2*t**2 + 875*t - 6956. Calculate a(8).
-84
Let q(r) = -r**2 - 632*r + 70692. What is q(-729)?
-21
Let t(i) = -i**3 + 15*i**2 - 2845*i + 22218. Give t(8).
-94
Let s(j) = -127*j - 8462. Calculate s(-70).
428
Let z(d) = 378*d**2 + 335*d - 1016. Calculate z(3).
3391
Let v(f) = -f**3 + 47*f**2 + 78*f + 1016. Determine v(48).
2456
Let r(s) = 3*s**3 + 4688*s**2 + 26442*s - 42047. Give r(-1557).
-8
Let z(p) = -p**2 - 1469*p + 14786. Give z(10).
-4
Let t(i) = -i**3 + 22*i**2 - 47*i - 509. What is t(18)?
-59
Let b(d) = -88*d + 2176. Determine b(47).
-1960
Let v(p) = 7*p**3 - 232*p**2 + 1121*p - 35937. Give v(33).
-33
Let b(w) = w**3 - 87*w**2 + 67*w - 13619. What is b(88)?
21
Let h(y) = -37*y**2 - 161*y + 65. Calculate h(-4).
117
Let a(x) = -595*x - 3433. Determine a(-6).
137
Let u(p) = 72641*p - 290594. What is u(4)?
-30
Let s(y) = -175575*y - 94810505. Give s(-540).
-5
Let g(z) = 46*z - 167. Calculate g(-12).
-719
Let n(i) = 16151*i + 15972. Determine n(-1).
-179
Let b(r) = 7*r**2 + 41*r - 193. Give b(-12).
323
Let r(y) = -450429*y + 8107738. What is r(18)?
16
Let y(o) = -456*o - 1797. Give y(3).
-3165
Let q(b) = -208785*b + 2505486. Determine q(12).
66
Let z(w) = w**2 + 3806*w + 232122. Determine z(-62).
-6
Let f(c) = 10461*c - 83695. Give f(8).
-7
Let s(c) = -c**3 + 47*c**2 - 537*c + 196. Determine s(29).
-239
Let i(v) = 5511*v - 3879749. Give i(704).
-5
Let f(x) = -448*x - 86690. Calculate f(-196).
1118
Let d(i) = -11*i**2 - 6605*i - 445596. Give d(-523).
0
Let s(o) = -2976*o - 491033. Determine s(-165).
7
Let n(m) = -1610*m + 234953. What is n(146)?
-107
Let z(j) = 2*j**3 + 19*j**2 - 6*j + 11. Give z(-12).
-637
Let z(r) = r**3 - 379*r**2 - 2302*r - 3065. Calculate z(385).
15
Let n(g) = -1662*g + 86424. Give n(52).
0
Let b(u) = -4168*u - 79164. Determine b(-19).
28
Let v(p) = -64*p + 16179. Determine v(253).
-13
Let x(s) = -10*s**3 + 154*s**2 - 200*s + 93. What is x(14)?
37
Let i(l) = -l**3 + 30*l**2 - 261*l - 189. Determine i(16).
-781
Let l(c) = -6*c**3 + 29*c**2 + 30*c + 36. What is l(5)?
161
Let t(f) = -2*f**2 + 19367*f + 116241. Give t(-6).
-33
Let q(k) = 7339*k + 95589. What is q(-13)?
182
Let b(y) = -403*y - 1666. Calculate b(-9).
1961
Let n(g) = -479*g - 296495. What is n(-619)?
6
Let y(v) = 1188*v - 16706. Give y(14).
-74
Let w(t) = 5*t**3 - 306*t**2 - 252*t - 18. Calculate w(62).
-266
Let g(x) = -2*x**3 - 309*x**2 - 746*x - 91179. Give g(-154).
-11
Let j(t) = 15*t**2 - 3517*t - 2223. Give j(235).
-343
Let b(x) = -x**3 - 48*x**2 - 504*x - 86. What is b(-18)?
-734
Let t(q) = -q**3 - 72*q**2 - 1163*q + 213. What is t(-49)?
1977
Let w(t) = -2736*t + 150479. Give w(56).
-2737
Let b(d) = -2*d**2 - 2617*d - 458712. What is b(-1100)?
-12
Let q(m) = m**2 + 157095*m + 1099595. Give q(-7).
-21
Let s(x) = 12002*x - 180043. What is s(15)?
-13
Let k(c) = 25546*c + 2350223. What is k(-92)?
-9
Let d(p) = -4*p**3 - 53*p**2 - 2412*p - 25447. Calculate d(-11).
-4
Let y(m) = -m**3 - m**2 + 265*m - 36. Determine y(-17).
83
Let n(a) = -490229*a + 7843660. Calculate n(16).
-4
Let t(w) = -w**2 + 121*w - 3743. Give t(101).
-1723
Let d(m) = 3192*m - 6432. Calculate d(2).
-48
Let t(g) = 2*g**3 + 345*g**2 + 6104*g + 84. Determine t(-20).
4
Let z(p) = 2*p**3 + 16*p**2 - 175696*p - 1405566. Give z(-8).
2
Let x(f) = -f**3 + 160*f**2 - 1210*f - 1008. Determine x(152).
-96
Let r(f) = -2*f**3 - 134*f**2 - 11*f - 290. What is r(-67)?
447
Let a(p) = 446*p**2 - 65565*p + 436. Give a(147).
-5
Let r(j) = -j**3 - 26*j**2 + 289*j + 559. Give r(-34).
-19
Let r(p) = 5109*p**2 + 10256*p + 2. Give r(-2).
-74
Let d(r) = 24*r**2 + 508*r + 60. Give d(-19).
-928
Let b(d) = -35998*d + 395970. What is b(11)?
-8
Let m(j) = 6*j**2 - 26*j - 76. Give m(-2).
0
Let m(b) = -b**2 + 695*b + 353272. Give m(1036).
-4
Let i(a) = 2*a**2 + 74*a + 62. What is i(-30)?
-358
Let g(u) = -4*u**3 - 7*u**2 - 66*u + 136. Calculate g(2).
-56
Let x(o) = 152*o + 42835. Calculate x(-282).
-29
Let c(d) = -8*d**2 + 1620*d + 17827. Give c(213).
-65
Let d(x) = -6901*x + 3001981. Calculate d(435).
46
Let r(p) = -207*p**2 - 10023*p + 16350. Give r(-50).
0
Let j(p) = p**3 + p**2 - 9*p + 14. Determine j(5).
119
Let g(i) = 211*i + 1158. Calculate g(-7).
-319
Let d(x) = -36739*x - 182878. What is d(-5)?
817
Let c(b) = 133*b**2 - 6987*b + 228. Calculate c(53).
3514
Let s(b) = -b**2 - 35*b + 625. Calculate s(-41).
379
Let m(v) = -2145*v + 1012376. Give m(472).
-64
Let f(a) = -a**2 + 128*a - 160. Calculate f(0).
-160
Let v(a) = -a**3 - 100*a**2 + 154*a - 5189. What is v(-102)?
-89
Let v(j) = -j**2 - 557*j + 9696. Give v(17).
-62
Let z(h) = -1684*h**2 + 16795*h + 30. Calculate z(10).
-420
Let b(a) = 6395*a - 69901. What is b(11)?
444
Let d(p) = 22764*p - 614622. Calculate d(27).
6
Let z(d) = -2*d**3 - 150*d**2 + 185*d + 2210. Give z(-76).
-298
Let z(w) = -8046*w - 257656. Calculate z(-32).
-184
Let z(i) = 40222*i + 402217. Determine z(-10).
-3
Let x(z) = -4*z**2 + 259*z - 3852. What is x(23)?
-11
Let c(u) = 2*u**3 - 633*u**2 - 8223*u - 664. What is c(329)?
-6
Let u(k) = -177*k**2 + 118*k + 76. Give u(1).
17
Let u(v) = 16*v + 469. Determine u(-15).
229
Let l(m) = m**3 + 22*m**2 + 44*m + 41. Give l(-22).
-927
Let s(j) = 3*j**2 - 469*j + 11641. What is s(126)?
175
Let w(k) = -24*k**3 + 11*k**2 + 1536*k - 4630. Give w(3).
-571
Let z(t) = -4641*t - 120592. Give z(-26).
74
Let s(i) = -1186*i + 203984. Give s(172).
-8
Let j(w) = -3113*w - 72285. Determine j(-23).
-686
Let c(h) = 2732*h**2 + 4731826*h + 3467. Give c(-1732).
3
Let y(m) = -m**3 + 45*m**2 + 494*m + 10882. Calculate y(57).
52
Let v(f) = 382*f - 106547. Determine v(279).
31
Let s(q) = -102*q - 18958. Determine s(-184).
-190
Let c(o) = o**3 + 190*o**2 + 7263*o + 108. Give c(-53).
2
Let d(g) = 379*g - 26550. Calculate d(70).
-20
Let f(x) = 3*x**2 + 133*x - 1061. Calculate f(-65).
2969
Let v(h) = h**2 - 814*h - 49645. What is v(-57)?
2
Let p(z) = -4*z**3 + 40*z**2 - 3820*z + 38233. Determine p(10).
33
Let n(c) = 4*c**3 + c**2 + 24549*c - 49101. What is n(2)?
33
Let l(r) = -80*r - 782. Give l(-6).
-302
Let r(a) = a**3 - 33*a**2 - 219*a + 7901. What is r(32)?
-131
Let v(a) = -3*a**2 + 117*a + 2705. What is v(-20)?
-835
Let i(z) = -4*z**3 - 44*z**2 + 824*z + 35. Calculate i(10).
-125
Let x(h) = h**2 - 1406*h + 68951. Calculate x(51).
-154
Let t(w) = -18801*w - 113561. What is t(-6)?
-755
Let t(w) = w**3 + 642*w**2 + 938*w + 602166. What is t(-642)?
-30
Let a(r) = 214*r + 74042. Calculate a(-346).
-2
Let w(a) = a**3 + 22*a**2 + a - 349. Give w(-4).
-65
Let m(l) = l**3 + 4*l**2 - 347*l - 2251. What is m(-7)?
31